a (base 14) to base 12
-36a
-916c (base 13) to base 7
-112255
Convert 1489 (base 10) to base 3.
2001011
What is -137 (base 15) in base 10?
-277
What is 226a3 (base 12) in base 3?
2022222120
-13aab (base 12) to base 8
-65543
What is -7403 (base 10) in base 3?
-101011012
Convert -2b8 (base 15) to base 3.
-212002
Convert aa (base 14) to base 13.
b7
32412 (base 5) to base 4
202320
-32014 (base 5) to base 13
-c82
What is -180 (base 14) in base 6?
-1232
What is -21301 (base 6) in base 11?
-2212
3a9 (base 12) to base 10
561
What is 544 (base 13) in base 15?
401
Convert 10547 (base 9) to base 13.
3262
Convert -2572 (base 9) to base 8.
-3610
-1000100110 (base 2) to base 16
-226
10221222 (base 3) to base 4
231020
9d3 (base 15) to base 3
10001100
What is -101110010010 (base 2) in base 14?
-1118
What is -5310 (base 10) in base 9?
-7250
149a (base 13) to base 14
1144
Convert -723 (base 8) to base 10.
-467
-6a65 (base 12) to base 5
-340020
Convert -22030 (base 4) to base 16.
-28c
What is -110553 (base 7) in base 15?
-5b96
-4022 (base 12) to base 15
-20c8
2067 (base 8) to base 6
4555
What is 25644 (base 9) in base 15?
51cd
Convert -354453 (base 6) to base 4.
-13202001
What is -cf1a (base 16) in base 2?
-1100111100011010
101 (base 5) to base 9
28
What is d627 (base 15) in base 3?
2022002101
What is -1100 (base 6) in base 11?
-20a
Convert 2032 (base 15) to base 7.
25550
What is 23212 (base 5) in base 3?
2022022
-131 (base 5) to base 3
-1112
What is 4523 (base 7) in base 16?
662
Convert -937 (base 11) to base 7.
-3202
1b78 (base 13) to base 15
1370
What is 5d5 (base 14) in base 5?
14132
dc2 (base 15) to base 13
1550
-1224 (base 5) to base 7
-360
10110222 (base 3) to base 12
1575
What is -1c9d (base 16) in base 15?
-2285
What is 444213 (base 6) in base 11?
25a79
Convert 3222021 (base 5) to base 13.
1bb3a
Convert -14113 (base 6) to base 7.
-6300
What is 1101111010 (base 2) in base 15?
3e5
What is 6141 (base 7) in base 2?
100001011000
Convert -242243 (base 5) to base 4.
-2031301
What is -110100010 (base 2) in base 15?
-1cd
Convert -1529 (base 10) to base 4.
-113321
-40532 (base 7) to base 12
-5868
-1017 (base 12) to base 5
-23442
Convert -2202 (base 5) to base 10.
-302
Convert 562 (base 13) to base 3.
1021021
Convert -7630 (base 8) to base 2.
-111110011000
Convert -1112021 (base 3) to base 11.
-923
What is 11043 (base 5) in base 2?
1100000101
-10661 (base 7) to base 8
-5262
Convert -1010111 (base 3) to base 12.
-587
What is -27583 (base 11) in base 9?
-58811
-3927 (base 12) to base 4
-1211233
What is -640 (base 10) in base 2?
-1010000000
What is -5165 (base 10) in base 8?
-12055
Convert 6676 (base 9) to base 3.
20202120
-1208a (base 14) to base 6
-535454
What is 835 (base 12) in base 10?
1193
What is 50151 (base 6) in base 15?
1e17
659 (base 11) to base 10
790
What is 10440 (base 8) in base 13?
1cc3
775 (base 9) to base 3
212112
-34c (base 15) to base 14
-3b5
-1b02 (base 14) to base 11
-3757
Convert 1511 (base 11) to base 12.
1164
-210010210 (base 3) to base 6
-155203
Convert -693 (base 11) to base 12.
-590
Convert -10100111101100 (base 2) to base 16.
-29ec
Convert 2031013 (base 4) to base 7.
35221
3db (base 16) to base 11
818
-20211201 (base 3) to base 14
-1b63
Convert 114 (base 14) to base 6.
554
-741 (base 9) to base 10
-604
What is 1112200200 (base 3) in base 9?
45620
Convert 29638 (base 11) to base 16.
a42c
Convert -232054 (base 6) to base 8.
-46702
Convert 1b6 (base 16) to base 6.
2010
2aa04 (base 12) to base 9
101514
What is 21031 (base 5) in base 15?
62b
Convert 113102 (base 4) to base 8.
2722
-3422 (base 6) to base 2
-1100100110
Convert -2abb (base 14) to base 12.
-44a5
Convert -542c (base 15) to base 14.
-66c9
What is 11222 (base 3) in base 16?
86
What is -336 (base 13) in base 11?
-462
What is -540 (base 10) in base 7?
-1401
What is -453263 (base 7) in base 10?
-80405
What is 317 (base 11) in base 6?
1433
Convert 12313 (base 6) to base 11.
1428
Convert 21021 (base 6) to base 4.
230011
Convert -12342 (base 6) to base 16.
-746
13041 (base 6) to base 8
3661
What is 1100111001111 (base 2) in base 6?
50331
357 (base 9) to base 2
100100111
Convert -1010101000100100 (base 2) to base 4.
-22220210
What is 1980 (base 13) in base 2?
111011101110
What is -98 (base 14) in base 16?
-86
Convert -1a49 (base 15) to base 14.
-210a
1023 (base 7) to base 11
2a8
Convert -3198 (base 12) to base 6.
-41112
Convert -81 (base 11) to base 8.
-131
-7b90 (base 14) to base 16
-53f2
What is -15878 (base 9) in base 2?
-10101010101101
-13401 (base 6) to base 10
-2089
501 (base 12) to base 2
1011010001
-140656 (base 7) to base 2
-110100001111010
-100010011010 (base 2) to base 8
-4232
What is -4022 (base 8) in base 4?
-200102
-10320 (base 4) to base 8
-470
What is 1650 (base 11) in base 9?
2806
Convert -1ac2 (base 14) to base 6.
-34322
Convert 24221 (base 7) to base 12.
377b
Convert 6b9 (base 12) to base 13.
5c4
Convert 295 (base 14) to base 12.
377
What is 6404 (base 10) in base 15?
1d6e
815 (base 10) to base 5
11230
Convert -b33 (base 15) to base 4.
-213123
What is -6602 (base 16) in base 9?
-38735
-1204 (base 8) to base 16
-284
31076 (base 9) to base 12
ba29
-100100110100 (base 2) to base 7
-6604
Convert -1011010110001001 (base 2) to base 11.
-31a09
-11000001110100 (base 2) to base 4
-3001310
153 (base 13) to base 14
12d
What is -36210 (base 7) in base 11?
-7045
Convert 210011 (base 3) to base 2.
1000111011
2321 (base 4) to base 13
113
-55315 (base 8) to base 2
-101101011001101
Convert -1af5 (base 16) to base 8.
-15365
Convert -2052 (base 14) to base 11.
-41a5
What is 6655 (base 8) in base 14?
13c1
Convert 442 (base 10) to base 7.
1201
23113 (base 4) to base 8
1327
What is 101101101110010 (base 2) in base 3?
1012010001
What is 275 (base 10) in base 7?
542
Convert -14303 (base 6) to base 7.
-6423
What is -121 (base 5) in base 2?
-100100
-15304 (base 6) to base 13
-1195
What is 1354 (base 6) in base 9?
437
Convert -2533 (base 6) to base 3.
-212110
-213430 (base 6) to base 13
-8064
What is 22373 (base 13) in base 7?
346046
344444 (base 5) to base 14
47ab
-28a3 (base 13) to base 2
-1011011110111
Convert 111320 (base 4) to base 10.
1400
1dc (base 14) to base 13
240
-111010010 (base 2) to base 16
-1d2
Convert 251c (base 14) to base 2.
1100101011110
-14a13 (base 13) to base 12
-1a727
41033 (base 10) to base 3
2002021202
-11010001001 (base 2) to base 15
-768
-100011111 (base 2) to base 5
-2122
a104 (base 12) to base 8
42024
What is -2344 (base 5) in base 3?
-110221
Convert -10110111011100 (base 2) to base 7.
-46141
What is 50897 (base 11) in base 14?
1d0d9
What is -123130 (base 4) in base 14?
-8d6
What is -220023 (base 6) in base 5?
-1040114
Convert -38716 (base 9) to base 15.
-7aec
Convert 1513 (base 16) to base 14.
1d75
What is -e18 (base 15) in base 10?
-3173
Convert 525 (base 7) to base 11.
220
Convert -2772 (base 10) to base 8.
-5324
-112310 (base 5) to base 9
-5533
Convert -447 (base 9) to base 16.
-16f
Convert 1384 (base 16) to base 13.
2374
What is -769 (base 10) in base 12?
-541
142421 (base 5) to base 9
8181
What is -85d3 (base 14) in base 6?
-255005
Convert -12110102 (base 3) to base 10.
-3980
12066 (base 8) to base 2
1010000110110
11222 (base 3) to base 12
b2
Convert 3cc (base 15) to base 6.
4003
Convert -190b (base 13) to base 4.
-322101
10110110011 (base 2) to base 3
2000001
Convert 105201 (base 7) to base 11.
12a99
What is -1030103 (base 5) in base 2?
-100010001111000
What is -63522 (base 9) in base 10?
-41978
42 (base 10) to base 7
60
1334 (base 5) to base 16
db
Convert -12bb (base 12) to base 8.
-4157
16a5 (base 16) to base 15
1ab7
What is 68980 (base 10) in base 7?
405052
221210012 (base 3) to base 9
27705
What is -11a (base 16) in base 3?
-101110
Convert -10120021 (base 3) to base 8.
-5047
What is 35 (base 16) in base 14?
3b
What is 161361 (base 7) in base 13?
115b0
What is 1a47a (base 13) in base 8?
144154
10000011000001 (base 2) to base 12
4a29
Convert -5626 (base 9) to base 10.
-4155
-14130 (base 5) to base 8
-2215
Convert 870 (base 15) to base 9.
2546
Convert -21723 (base 8) to base 4.
-2033103
-551 (base 9) to base 4
-13003
1422 (base 7) to base 15
270
Convert -319 (base 15) to base 11.
-586
Convert -5579 (base 10) to base 13.
-2702
What is 814 (base 12) in base 6